1111000120212?
-1111000120202
In base 2, what is -11111101001 - -1011?
-11111011110
In base 15, what is -59 - 204?
-25d
In base 10, what is 240 - -4043?
4283
In base 11, what is 50 + -9578?
-9528
In base 11, what is 1141105 + -1?
1141104
In base 11, what is 5 + -33791a?
-337915
In base 2, what is -1001000101101101000000 - 101?
-1001000101101101000101
In base 14, what is 16887 - -b?
16894
In base 4, what is 3 + -110323?
-110320
In base 11, what is 731 - -6?
737
In base 14, what is -2 - 5ca?
-5cc
In base 16, what is -1203ec - 4?
-1203f0
In base 8, what is -4 - -4045?
4041
In base 12, what is -4a51 + -5?
-4a56
In base 15, what is -1e5b4 - 19?
-1e5cd
In base 3, what is 10010221100000 - 10?
10010221022220
In base 2, what is 1 - -10000100001101010?
10000100001101011
In base 7, what is -34 - -433?
366
In base 7, what is -1464346 - -2?
-1464344
In base 4, what is -1132210332 + 0?
-1132210332
In base 10, what is -80 - -955?
875
In base 16, what is 2 - -6a9a?
6a9c
In base 12, what is 1 + 640?
641
In base 12, what is -2b - -a8a5?
a876
In base 6, what is -115 - 20304?
-20423
In base 2, what is 0 - -101001101110001110100?
101001101110001110100
In base 8, what is 1 - -37403?
37404
In base 6, what is 2535 + 101244?
104223
In base 10, what is -1 - 15057?
-15058
In base 12, what is -8a03 + 3?
-8a00
In base 14, what is -4 - -12711c?
127118
In base 5, what is -14312 - 0?
-14312
In base 16, what is 3f1 + b?
3fc
In base 13, what is a64ac - 2?
a64aa
In base 4, what is 10 + -11313302?
-11313232
In base 7, what is 13414 + 24?
13441
In base 5, what is -4031 + -1112?
-10143
In base 10, what is -2846 + -642?
-3488
In base 5, what is -43 - 3143?
-3241
In base 4, what is 333 - -3200?
10133
In base 8, what is 27 - 243?
-214
In base 14, what is -9 + -1cd2b?
-1cd36
In base 8, what is -176 + -33130?
-33326
In base 15, what is e - 15b7?
-15a8
In base 9, what is 3122 - 277?
2734
In base 13, what is -3 + -145cb4?
-145cb7
In base 5, what is -10 - -11110?
11100
In base 3, what is 110110101021 - -2?
110110101100
In base 5, what is 134 - 1321300?
-1321111
In base 12, what is 634b - -3?
6352
In base 10, what is 0 + 5488?
5488
In base 4, what is 12 - -212000?
212012
In base 15, what is 149c - 4?
1498
In base 4, what is -11003 + 10103?
-300
In base 13, what is 2767 + -88?
26ac
In base 5, what is -204040 - -11?
-204024
In base 15, what is -4 - 40255?
-40259
In base 10, what is -3 - -3885?
3882
In base 14, what is -146 - -48?
-dc
In base 13, what is -59 + 1b69?
1b10
In base 13, what is 8c7b - -19?
8c97
In base 3, what is 22 + 110002222?
110010021
In base 4, what is -1013322 + -322?
-1020310
In base 11, what is -11a7a + 8?
-11a72
In base 8, what is -62 - -1623?
1541
In base 11, what is -16a428 + 4?
-16a424
In base 2, what is -1 - 101000010101100011?
-101000010101100100
In base 13, what is -2a398b + -5?
-2a3993
In base 13, what is -91c23 - -3?
-91c20
In base 14, what is -85360 + -8?
-85368
In base 12, what is -3 + -1748?
-174b
In base 7, what is -541264 - -2?
-541262
In base 2, what is -1110 + 101100111100101?
101100111010111
In base 7, what is -2 - 54511?
-54513
In base 3, what is 210 - -20220?
21200
In base 6, what is -12 + -404341?
-404353
In base 10, what is 4812927 + 2?
4812929
In base 8, what is -1 - 4167?
-4170
In base 6, what is 313114 - -2?
313120
In base 7, what is -3 - 266325?
-266331
In base 14, what is -2d4 - -a5?
-22d
In base 16, what is 2a7673 + -5?
2a766e
In base 6, what is 5002 - 531?
4031
In base 9, what is -2354 + 1?
-2353
In base 11, what is 143aa3 - 5?
143a99
In base 8, what is 231 + 1305?
1536
In base 3, what is 102100201111 + -111?
102100201000
In base 6, what is -10 - -3344334?
3344324
In base 7, what is -2601 + -112?
-3013
In base 10, what is -30 + -36035?
-36065
In base 8, what is 2506 + -1?
2505
In base 13, what is 1c - 5c89?
-5c6a
In base 14, what is -274 - 1b05?
-1d79
In base 3, what is -2221010100 - 0?
-2221010100
In base 15, what is 13b - 26?
115
In base 10, what is -1 - -6962?
6961
In base 12, what is a545 - 22?
a523
In base 7, what is -2 - 166643?
-166645
In base 12, what is -9835a + -23?
-98381
In base 12, what is 10 - -2a23?
2a33
In base 10, what is 11 - -21926?
21937
In base 5, what is -22300023 + -1?
-22300024
In base 12, what is 33a90 + -11?
33a7b
In base 13, what is 12193 + 3?
12196
In base 4, what is -32112123 - -11?
-32112112
In base 11, what is -176a8 + -7?
-17704
In base 8, what is 41437 + -46?
41371
In base 15, what is 11b + -15e?
-43
In base 7, what is 155403 + -13?
155360
In base 8, what is 15457 + 6?
15465
In base 4, what is 301011122 - 30?
301011032
In base 6, what is 44 - -1322?
1410
In base 3, what is 1101120100121 + 10?
1101120100201
In base 15, what is -13542d - -1?
-13542c
In base 2, what is 0 - 101110000001100?
-101110000001100
In base 8, what is 75 + -127506?
-127411
In base 11, what is 2 + -5068?
-5066
In base 5, what is -204400342 - -1?
-204400341
In base 11, what is -2a + -30846?
-30875
In base 2, what is -1100000110001100 + -10110?
-1100000110100010
In base 3, what is 10022210000 + -1?
10022202222
In base 16, what is 1a - 9a6?
-98c
In base 10, what is 4 - 812571?
-812567
In base 15, what is a8 + -62?
46
In base 7, what is 14 + -4561?
-4544
In base 7, what is 2 - -120?
122
In base 14, what is -1 + 24c243?
24c242
In base 3, what is -2011101 - 2?
-2011110
In base 7, what is 33362 - 23?
33336
In base 16, what is 843e - 0?
843e
In base 13, what is -979 + -4b?
-9c7
In base 5, what is -310414 - -32?
-310332
In base 4, what is -2033 - -11313031?
11310332
In base 7, what is 51002 + 0?
51002
In base 6, what is 1 + -313202?
-313201
In base 2, what is -100001010001101 + 1011?
-100001010000010
In base 14, what is -22102 + 5?
-220db
In base 5, what is 24 - 3120?
-3041
In base 16, what is 656 + -1d?
639
In base 12, what is 2 - 943b?
-9439
In base 12, what is 27 + -1a15b?
-1a134
In base 14, what is 8d1 + -35?
89a
In base 2, what is 110001110 + 1010001011?
10000011001
In base 15, what is -5 - -244c5?
244c0
In base 9, what is -6051 + -257?
-6318
In base 12, what is -5b - -264?
205
In base 10, what is 178665 + 4?
178669
In base 7, what is -3242 - -1?
-3241
In base 13, what is -1 + -11112?
-11113
In base 14, what is 24 + 6d7d?
6da3
In base 8, what is 232475 - 17?
232456
In base 14, what is 2b00 + 0?
2b00
In base 6, what is -11 - 2041?
-2052
In base 11, what is 482 - 22?
460
In base 8, what is -16551 + 1455?
-15074
In base 10, what is 5649 - 90?
5559
In base 11, what is -1 - -a840?
a83a
In base 15, what is -402 + -19?
-41b
In base 5, what is -110310 - 13?
-110323
In base 12, what is 5 - 147905?
-147900
In base 11, what is 133 - 5a?
84
In base 13, what is 7 + -130700?
-1306c6
In base 2, what is -110000 + -111111001111?
-111111111111
In base 2, what is 1101001100111010 - 10001?
1101001100101001
In base 8, what is -23740 - 4?
-23744
In base 12, what is -26a6 + -31?
-2717
In base 6, what is 120124324 - 1?
120124323
In base 13, what is -a4026 - 3?
-a4029
In base 4, what is -11 + 102222130?
102222113
In base 15, what is 0 + 8854?
8854
In base 12, what is a900 - 7?
a8b5
In base 5, what is -1031330 - -143?
-1031132
In base 10, what is 45785 - -13?
45798
In base 6, what is 115 - -15050?
15205
In base 10, what is -8 + -3117?
-3125
In base 7, what is 16 - -301354?
301403
In base 3, what is -2210102101021 + -12?
-2210102101110
In base 6, what is -2 - 2521?
-2523
In base 11, what is 4 + -6157?
-6153
In base 10, what is -5 - 663625?
-663630
In base 2, what is -100000110010101100 + -11?
-100000110010101111
In base 16, what is 1 + -121d20?
-121d1f
In base 8, what is 2 + 541606?
541610
In base 8, what is -1674145 - -1?
-1674144
In base 10, what is 1 + 5792?
5793
In base 6, what is -2 - 120312515?
-120312521
In base 6, what is 1010 + -1244?
-234
In base 13, what is -5c0 - -3c3?
-1ca
In base 4, what is -10 + -12222030?
-12222100
In base 7, what is -3236 - 4?
-3243
In base 9, what is 327187 + 4?
327202
In base 7, what is 35624 + 13?
35640
In base 3, what is 0 - -212002121210?
212002121210
In base 12, what is -1286 - -a?
-1278
In base 16, what is 2 + 38125?
38127
In base 16, what is 96 + -bb3?
-b1d
In base 15, what is -3c501 + 2?
-3c4ee
In base 8, what is -340642 - 4?
-340646
In base 7, what is 30 + 2341?
2401
In base 10, what is -6 + -208816?
-208822
In base 2, what 